 - -11))?
1
Evaluate 2 - ((-2 - -8) + 4 + -2).
-6
What is 2 - 0 - (120 - 118)?
0
11 + 2 + -2 - (1 - -6)
4
Calculate 8 + -3 + -2 - -3.
6
What is the value of (0 - -1) + (-13 - -16)?
4
-2 + 1 + (-5 - (-1 - 3))
-2
Calculate 15 + (-2 - -8 - 7) - 7.
7
Calculate (-17 - 1) + 5 + 10.
-3
Calculate (18 - 13) + (1 - 9).
-3
What is (3 - 5) + 11 + -5?
4
What is the value of (-8 - (3 + -13)) + 0?
2
What is -2 + (-1 - 0 - (4 - 8))?
1
What is (-4 - -2) + -13 - (-8 + 2)?
-9
What is the value of 0 + (-4 - 7) - (-4 - 0)?
-7
3 + (-17 + 17 - (5 - 1))
-1
0 + -1 + -2 + 6 - -2
5
Calculate 0 - (-13 + 3) - 4.
6
What is (0 - (-1 - 0)) + 2 + -6?
-3
1 + -5 - (8 + 9 + -22)
1
What is 9 + (0 - 2) - (-38 + 45)?
0
Calculate -3 + -4 + (-18 - -20).
-5
What is (-1 - -4) + -5 + 2?
0
2 + 5 - (5 - 1)
3
Calculate 0 - -2 - (12 - 4) - -3.
-3
What is the value of 0 - 1 - (5 - 7)?
1
Calculate (6 - (2 + 1)) + 2.
5
6 + (-4 - -3) + 2 + -2
5
Evaluate -10 - (-34 - (-15 - -1)).
10
-9 + (0 - ((-16 - -7) + 3))
-3
What is the value of -35 - -38 - (0 - -3)?
0
What is (9 - 26 - -10) + -2 + 13?
4
Calculate 11 + (4 - 8) + 0.
7
What is -8 + 2 + (4 - 4) + 1?
-5
Evaluate -1 - (6 + -4 + 2).
-5
What is (3 - 4 - -1) + (-7 - -2)?
-5
What is 1 - (-1 - (5 + (0 - 3)))?
4
(8 - (-3 + 2)) + -11
-2
What is -2 + 2 + (-3 - -6) - 5?
-2
0 - (4 + -3 + -7)
6
-3 - 1 - (-31 + 31)
-4
What is the value of 6 + -6 - (-4 + -3) - 7?
0
Calculate 11 + 3 - 1 - (-50 - -53).
10
What is the value of (-8 - 4) + 5 + 2?
-5
Calculate -4 - ((3 - (3 + 3)) + 0).
-1
(5 - (-4 + 6)) + -8
-5
2 - (1 - (-1 + -1))
-1
(4 - (6 + -15)) + 1 - 6
8
What is the value of -9 + 11 + -3 + 2?
1
Evaluate 0 - (1 + 5 + -3 + 0).
-3
What is the value of 2 + 2 + 1 + 3 + -5?
3
Calculate -6 + 0 - (1 - (4 + 9)).
6
Evaluate 4 + 2 - 3 - 5 - 1.
-3
What is 1 + (6 - 2 - 11)?
-6
Evaluate (-6 - -9) + -7 + -1.
-5
(-2 - (-13 + 9)) + -10
-8
10 - 4 - (30 + -29)
5
What is the value of -7 + 15 + -6 + -7?
-5
What is 2 - (2 + -3 + 3 + 1)?
-1
Evaluate (-3 - 2) + 2 - (-21 + 17).
1
What is 6 + 1 + -12 - -3?
-2
Evaluate (10 - ((-2 - 7) + 8)) + -8.
3
What is the value of -2 - (4 + -7) - 3?
-2
Evaluate 0 + (-2 - (-4 + 4)).
-2
Evaluate -7 + 1 - (-11 - -4).
1
Calculate 0 + (-1 - -1) + -5.
-5
What is the value of (-57 - -70) + -9 + -1?
3
Calculate 1 + 2 + -4 + (3 - 10).
-8
What is the value of -11 + (6 - -6) + -8?
-7
0 + 1 + -1 + -4 + 9
5
5 - (1 - -1) - (7 + -5)
1
What is the value of 3 + -3 - -1 - 2 - -4?
3
-17 + 2 - (2 - 9)
-8
Evaluate -4 + 3 + 8 + -2.
5
Evaluate 2 + 0 - (1 - -1) - 2.
-2
What is the value of -9 - (5 - (-1 + (7 - -4)))?
-4
What is -1 + -3 + 10 + -1 + 0?
5
What is the value of 3 + -3 + -1 - -1?
0
Evaluate -7 - (8 + -3 + -10).
-2
Evaluate -4 + 7 - (-1 - -9).
-5
What is 7 - -7 - 13 - -3?
4
What is the value of -1 + -7 + -4 + 6 + 0?
-6
What is the value of (-4 - -1) + (-7 - 1 - -13)?
2
-3 + 3 + 12 + -6
6
Calculate (-15 - -2) + (16 - 11 - -3).
-5
Evaluate (-2 - 1) + (5 - -2) - 5.
-1
Calculate 1 - -1 - (3 + 5 - 4).
-2
What is -1 + -12 + (40 - 31)?
-4
Evaluate (4 + -5 + 1 - -2) + 0.
2
Evaluate -4 + (-2 + 3 - 4) + 16.
9
What is 0 - (1 + (-7 - (-2 + -1)))?
3
Calculate 7 + (-4 - (-3 - -2)).
4
Evaluate 3 + (4 - 8) + 6.
5
Calculate (-3 - 1 - (2 - 6)) + -3.
-3
11 - (-1 + 2 + 6)
4
12 + (-27 - -21) + 0 + 0
6
What is the value of -8 + (2 - -4) + -1?
-3
-35 + 32 - (1 + 1)
-5
Calculate 2 - 0 - (-10 - -10).
2
What is the value of (0 - 5) + (7 - (-2 + 1))?
3
Evaluate (-1 - (-2 + -1) - -4) + -3.
3
Calculate (2 + -8 - -13) + -11.
-4
Calculate 3 - 1 - (2 + -3) - 2.
1
What is 0 + (4 - -4) + -6?
2
Calculate 7 + 6 + -6 + 2 + -8.
1
Calculate (3 - 1) + (-23 + 8 - -3).
-10
What is 48 - 49 - (0 - -7) - -6?
-2
-1 - -1 - (-3 + 4 + 1)
-2
Evaluate -2 + 8 - (-1 + -1 - -1).
7
What is the value of -6 - 1 - (-9 + (-10 - -13))?
-1
What is the value of (-6 - (-8 - -7)) + 3?
-2
Calculate -2 + (7 + -3 - -2) + -6.
-2
What is the value of 11 + -6 + -6 + (0 - -2)?
1
Calculate -2 - 8 - (-40 + 27).
3
Calculate -22 - (-3 + -8) - -2.
-9
What is the value of 8 - ((-3 - (-3 + 3)) + 5)?
6
Evaluate -6 + (2 - 1) + (12 - 4).
3
What is the value of 1 + (-4 - 0) + 6 + -2?
1
What is -8 + 2 + 10 + -9?
-5
What is the value of (4 - 1) + -6 - (-5 + 6)?
-4
Evaluate 2 - (2 + 5 + 1).
-6
Evaluate 4 - ((1 - 2) + 3) - 4.
-2
Calculate (2 - 3) + -1 + -2.
-4
Calculate 1 - 2 - (4 - 4) - 1.
-2
0 - 2 - (-11 - (-8 - -1))
2
(-10 - (-4 + 6)) + 7
-5
Calculate 0 + -2 + -3 + 31 + -29.
-3
What is the value of (1 - -4) + 15 + -29 + 4?
-5
What is 0 - -1 - (1 - -3) - 0?
-3
4 - (6 - (5 + 2 + 0))
5
Evaluate 3 + 2 + -16 + 7 + -5.
-9
What is (5 + (-4 - -1) - 1) + 2?
3
What is 3 - (-3 - 1) - (4 - 0)?
3
-3 + (-4 + 3 - -5)
1
What is the value of 1 - (-8 + 15) - -8?
2
2 + -1 + (-4 - (-5 - -4))
-2
-1 - (5 - 10 - -7)
-3
What is the value of (6 - 0) + (-8 - -5)?
3
What is 13 - (5 - (6 - 11))?
3
What is -5 + 9 + -5 + (-2 - 0)?
-3
(-2 - -8) + -6 + -1
-1
What is (0 - -1) + 13 + -7 + -3?
4
What is 9 + -1 + -2 + -2?
4
What is the value of 5 - -11 - 8 - 9?
-1
1 + (1 - -1) + -24 + 28
7
Evaluate 2 - (-1 - 1) - (1 + 0).
3
Calculate (-8 + -6 - -6) + 4 + -1.
-5
What is -2 + (5 + 2 - 3)?
2
Evaluate 8 + 2 + -4 + 0 + -2.
4
(-1 - 0) + 5 - 0
4
What is 0 + 3 + -10 + 10 - -3?
6
What is the value of -1 + 1 + 5 - 5?
0
Calculate 1 - (-1 + -2 + 8).
-4
What is the value of 5 + (-7 - 4) + 4?
-2
Evaluate (0 - (2 + -5)) + -6 + 0.
-3
Evaluate (9 + -19 - -14) + 1 + 0.
5
What is 2 + (0 - (5 + -4)) + 2?
3
What is the value of -1 - (-25 + 6 - -14)?
4
What is the value of -18 - (-5 + -3 + (12 - 12))?
-10
What is 5 + (1 - 1) - (201 - 200)?
4
7 - -1 - (20 - 40 - -19)
9
What is 6 + (-3 + 1 - 0)?
4
-1 - ((4 - -3) + -2)
-6
2 + -1 + -4 + (-1 - -4)
0
Calculate (20 - 12) + -9 - -5.
4
What is 0 + 7 + -8 + -2?
-3
(-7 - (6 + -10)) + 5
2
Evaluate 2 + (-10 - (-10 + 0)).
2
-12 + (3 - (1 + 0)) + 4
-6
Evaluate -5 + 1 + 4 + -5.
-5
Calculate 9 + 9 + -4 + -17.
-3
Evaluate 2 + (-12 - (-13 + 11)).
-8
5 - (-3 + (-6 - -2)) - 4
8
Evaluate -11 - 1 - (-50 + 39).
-1
Evaluate 7 - (11 + 11) - -12.
-3
Evaluate -2 + 1 + 9 + -2.
6
6 + -10 + (3 - 2) + 2
-1
Evaluate -5 + -2 + 16 + -4.
5
What is the value of (7 - 0) + 1 + -4 + 2?
6
Evaluate -3 + 16 + -5 - (-2 - -7).
3
What is the value of -3 - (-11 + (5 - -4))?
-1
What is the value of -6 + 2 + 6 + -7?
-5
What is (9 - -7) + -13 - 6?
-3
Calculate 6 + -1 + -4 - (-1 - -3).
-1
What is (-1 + -6 - -3) + 4 - 1?
-1
Calculate 3 - -5 - (3 + -12 - -13).
4
-8 + 5 + -3 + 4 + 10
8
What is 0 + -5 + 4 - -3?
2
What is (2 - 2 - 3) + -1?
-4
3 - 1 - (4 + -6 + 3)
1
Calculate -3 + 7 + -10 + 4.
-2
What is the value of -1 - -6 - 4 - 5?
-4
1 - (-13 - -15 - (2 + 1))
2
0 - 1 - 2 - 1 - 0
-4
(11 - 19 - (1 + 0)) + 3
-6
Calculate -5 + -10 + (4 - -5).
-6
What is -9 - (5 - (17 + -5))?
-2
What is the value of 0 - ((0 - (6 + -4)) + 6)?
-4
0 + -2 - (59 + -57)
-4
Calculate (-9 - -18 - -8) + -8.
9
Evaluate 3 - (1 + 4 + -4 + -2).
4
What is the value of 8 - (0 + -1 - (-59 + 57))?
7
Calculate 2 + -10 + 2 - -5.
-1
Evaluate 12 - 10 - (4 - -2).
-4
Evaluate -7 + (11 - 6) + -2 - 1.
-5
What is the value of (6 + (1 - 5) - -4) + -9?
-3
Calculate 0 - 0 - (-9 + 9).
0
What is the value of 7 + -7 + (6 - 4) + 3?
5
Evaluate (-2 - -5) + -5 + -1 + 5.
2
-1 + -2 - -7 - 4
0
What is the value of -3 - -3 - (7 - 15)?
8
Calculate -2 - 2 - (-5 + 2 + -4).
3
Calculate -3 + 3 + 0 - -4.
4
Evaluate -4 + (0 - 5) + (5 - 0).
-4
What is -5 + (0 + -3 + 11 - 5)?
-2
Evaluate (13 - 25 - -11) + 5.
4
What is 1 - 2 - ((27 - 16) + -14)?
2
What is -8 - -3 - -12 - (-2 - -5)?
4
What is the value of (0 - 0) + -6 + 4?
-2
Evaluate (-11 - (-12 + 7)) + 11.
5
0 - ((6 - -3) + -4 + -2)
-3
Evaluate (8 - 5) + 1 + -3 + -1.
0
Calculate 4 - ((10 - 5) + 1).
-2
Calculate 1 - -3 - (-30 + 31).
3
What is the value of -7 - (-11 - -5) - -1?
0
What is 3 - (-1 - (4 + -15 + 4))?
-3
1 + 0 - (0 - (1 - -2))
4
What is the value of 10 - 5 - (-1 + -2 + 8)?
0
What is the value of (-2 - (11 - 5 - 9)) + 0?
1
(-5 - -1 - -1) + -2
-5
Evaluate 4 - (0 - (-5 + 6)).
5
Calculate (17 + -5 - 6) + -4 + 4.
6
Evaluate 0 + (-10 - -18) + -15.
-7
What is -2 + (5 - (-2 + 6)) + -3?
-4
What is (-4 + 3 - 1) + (2 - -1)?
1
What is 3 - 0 - (-29 + 26)?
6
What is the value of -5 + 0 - -2 - (14 + -12)?
-5
Calculate -1 - (-12 + 11 - (-2 + 0)).
-2
4 + -15 + (9 - (0 - -5))
-7
Evaluate -5 - (1 + (3 - -1 - 5)).
-5
Evaluate 